62 - x. List the prime factors of j.
409
Let u(q) = q**3 - 11*q**2 + 20*q - 5. Let h be u(10). Let o(f) = h*f + 12*f**2 - 5 - 105*f + 0. What are the prime factors of o(-4)?
227
What are the prime factors of 11 + 16/((-80)/(-13185))?
2, 331
Suppose 3*n - 104390 = 4*d + 4*d, 0 = -n + 4*d + 34790. List the prime factors of n.
2, 5, 59
What are the prime factors of ((-62)/3)/(((-4)/(-2450))/(9/(-15)))?
5, 7, 31
Let c(n) = -5*n**2 + 4 + 16 + 15*n + 7*n**2 + 24. List the prime factors of c(-16).
2, 79
Let r = 3413 - -7560. What are the prime factors of r?
10973
Suppose -3*m - 743 = -g, -221*m = -217*m + 12. List the prime factors of g.
2, 367
Suppose 0 = 51*x - 55*x + 216. Suppose 8*y = 2*y + x. Suppose -m - y = -112. List the prime factors of m.
103
Let n = 57 - 53. Let g(a) = 114*a**2 - 4*a + 10. Let z be g(n). List the prime factors of z/15 + (-16)/(-20).
2, 61
Suppose -i + 4*i = 3*l + 6516, 5*i + 2*l = 10888. Suppose 0 = 4*t + 2*v - 2830, 3*t + 3*v + 49 = i. What are the prime factors of t?
2, 353
Let v(y) = 13*y - 16. Let s(a) = a**2 + 3*a + 2. Let d be s(0). Suppose -d*n - 4 = -22. List the prime factors of v(n).
101
Let q = 1133 - 779. Suppose -360*t + q*t = -3222. List the prime factors of t.
3, 179
Let o = 1230 + 25. Suppose -4*d + o - 307 = 0. What are the prime factors of d?
3, 79
Let v be ((-6)/(-2))/(((-42)/8)/7). Let f(q) = -2*q**3 - q**2 + 3*q - 4. Let l be f(v). Suppose -7*w = -443 - l. What are the prime factors of w?
7, 11
Let n be -1 - ((-17)/5 + 39/(-65)). List the prime factors of (-9*1/6)/(n/(-376)).
2, 47
Let c(f) = f**2 + 17*f + 63. Let r be c(-14). Suppose r*t - 3*t = 3708. What are the prime factors of t?
2, 103
Suppose -397 = -2*t - 3*m, 5*t + m - 539 = 447. Let z = 146 + t. List the prime factors of z.
7
What are the prime factors of (5/((-30)/76))/(-9 + 236390/26268)?
2, 19, 199
What are the prime factors of ((-7)/(77/(-44)))/(16/182564)?
45641
Let p = 52 + -48. Suppose -p*j + 0*k = k - 45, 5*k = 4*j - 15. Suppose 2*c = -j + 130. List the prime factors of c.
2, 3, 5
Suppose -7*m - 3*m + 9760 = 0. Let b be 2/18*2 - m/(-144). Suppose v = 28 + b. What are the prime factors of v?
5, 7
Let v(g) = -g**3 + g**2 - 3*g + 19. Let z be (-2 - (6 - -2))/(0 - -2). List the prime factors of v(z).
2, 23
Let r(y) = -7*y + 13. Let k be (-4)/5 + (-216)/(-20). Let i be (k/25)/((-4)/140). List the prime factors of r(i).
3, 37
Let v(d) = d**3 + 11*d**2 + 10*d. Let o be v(-10). Let i = o - -10. List the prime factors of 679/35 - (0 + 4/i).
19
Let a = 609 - 629. List the prime factors of 9/(-36) + (-22105)/a.
5, 13, 17
Let v(z) = 263*z - 178. Let d be v(10). Let a = d - 1582. What are the prime factors of a?
2, 3, 5, 29
Let s(r) = 15533*r**2 - 70*r - 69. What are the prime factors of s(-1)?
2, 3, 863
Let c = 27316 - -3066. What are the prime factors of c?
2, 11, 1381
What are the prime factors of ((-36)/(-27))/((-9)/(-54)) + 53908?
2, 3, 4493
Let n(y) = 9*y**2 - 3*y - 2. Let u be -2 + (-45)/6 + (-3)/6. Let k be (-25)/(-10)*12/u. What are the prime factors of n(k)?
2, 11
Let d = 0 - 14. Let p(g) = -g**3 - 12*g**2 - 8*g - 1. What are the prime factors of p(d)?
503
Suppose -4081*c + 4083*c = 67280. What are the prime factors of c?
2, 5, 29
Suppose 0 = -2*n - 10*r + 5*r - 1302, 2*r - 1288 = 2*n. Let p = -400 - n. List the prime factors of p.
2, 3, 41
Suppose 2634524 = -71*s + 177*s. What are the prime factors of s?
2, 17, 43
Let u(i) = 206*i**2 - 28*i + 1461. What are the prime factors of u(-19)?
3, 25453
Suppose -5*x + 2895 = -5*k, -3*x - 2*k + 1772 = 2*k. Suppose j + 3*u - 647 = 0, j - 5*u - 87 = x. What are the prime factors of j?
2, 41
Suppose 15*u = 24*u - 351. Let k = u - -592. What are the prime factors of k?
631
Let w = 48391 - 26869. What are the prime factors of w?
2, 3, 17, 211
Let s = 23 + -21. Let h(x) = -x**3 + 11 + 11*x**2 + 5*x**2 + 20*x - x + 0*x**s. What are the prime factors of h(17)?
3, 5
Let a(x) = 2*x**2 + 5*x - 16. Let c be a(-7). Let j = c + -31. Suppose 15*v = j*v - 95. List the prime factors of v.
5, 19
Suppose k - 2*o - 5379 = 0, -14989 - 17200 = -6*k - 5*o. What are the prime factors of k?
7, 13, 59
List the prime factors of 1280/72 - 18 - (-1 - 491206/18).
2, 5, 2729
Let o(d) = -d**3 + 7*d**2 + d - 3. Let a be o(7). Suppose -a*l = -253 - 327. List the prime factors of l.
5, 29
What are the prime factors of (22 - 19)/((-7090)/(-3544) - 2)?
2, 3, 443
Let w = -10 + 12. Suppose -4*t + w*x = 8, -5*t - 2 - 2 = -x. Let f(g) = -2*g**3 + 30. What are the prime factors of f(t)?
2, 3, 5
Let u = 13763 - 8919. List the prime factors of u.
2, 7, 173
List the prime factors of -513*(-13 + (-6 - 130/(-13))).
3, 19
Let b(j) = -2640*j + 2392. What are the prime factors of b(-14)?
2, 4919
Suppose -4*z = z - 135. Let g = 187 - 178. List the prime factors of g/z - 190/(-6).
2
Let x(i) = 1375*i**2 - 1018*i + 5062. What are the prime factors of x(5)?
3, 107
Let b = -4943 + 6826. What are the prime factors of b?
7, 269
Suppose 0 = -230*o + 1320695 - 926956 + 1406241. What are the prime factors of o?
2, 7, 13, 43
Suppose -10*t + 10 = -0*t. Let v = 18 - 26. List the prime factors of 4/v*t*-8.
2
Let t(v) = 6*v + 3. Let m = -72 - -83. What are the prime factors of t(m)?
3, 23
Suppose 105 = -2*x + 5. Let v = x - -52. Suppose v*a - 10 = -0*a. What are the prime factors of a?
5
Suppose -125*d + 126*d = t - 6, 0 = 4*t + 4*d + 8. Let k be 2/8 + 618/24. What are the prime factors of t + (-13 - -7)*k/(-6)?
2, 7
Suppose 64 - 19 = 9*p. Suppose -p*n + 20 = 5*d, -5*d + 5*n - 20 = -0. Suppose -2*b + 188 = -4*j - d*j, -b + 94 = -4*j. What are the prime factors of b?
2, 47
Let f be 1 + -2 - (342/(-3) + 4). Let p = f + 322. List the prime factors of p.
431
Suppose b - 2*s - 22523 = 0, -49 = -s - 42. What are the prime factors of b?
31, 727
Suppose 81*y + 3*g = 86*y - 2513, g = -5*y + 2509. What are the prime factors of y?
2, 251
Suppose -11*m + 52 = 8. Let b(u) = 6*u**2 - 23*u + 16. Let r(j) = 3*j**2 - 12*j + 8. Let s(h) = m*b(h) - 7*r(h). What are the prime factors of s(8)?
2, 17
Suppose -286560 = -19*i + 225789 - 89200. What are the prime factors of i?
22271
Let q be 5/(6 - 1) + (1 - -1). Suppose v + q = 10. Suppose 22 = l + a + v, -3*l = 5*a - 55. List the prime factors of l.
2, 5
Suppose 0 = h + 12 - 97. Let t = 792 - h. What are the prime factors of t?
7, 101
Let n be (-12)/16*48/(-9) - 0. List the prime factors of (273/(-2))/((-3)/(n - -26)).
3, 5, 7, 13
Let i be (234/4 + 3)*(-8)/(-12). Let u = -18 - -7. Let l = u + i. List the prime factors of l.
2, 3, 5
Suppose -6*n = -28 + 4. Suppose 2*i - 751 = -0*i + 3*z, 0 = -4*i - n*z + 1552. List the prime factors of i.
383
Let c(g) = g**3 - 16*g**2 + 9*g + 13. Let i be c(15). Let v = -72 - i. List the prime factors of ((-80)/(-1))/v - -2.
2, 3
Suppose y + 39 = 12. Suppose 2*s + 31 = t, 5*t - 3*s + 2*s - 173 = 0. Let i = y + t. List the prime factors of i.
2
What are the prime factors of ((-684)/285)/((-6)/16420)?
2, 821
Suppose 5*v + 2*t = -5 - 10, 0 = -t - 5. List the prime factors of (-42)/(-49) + v + (-2871)/(-7).
2, 5, 41
Let h(a) = 980*a**3 - 2*a + 0*a**2 + a - 3*a**2 - 290*a**3. List the prime factors of h(1).
2, 7
Suppose -z = -3*z + v + 11868, 0 = 4*v. Suppose 0 = -3*u + 9*u - z. Suppose u - 259 = 5*j - 2*d, 3*d = 4*j - 577. What are the prime factors of j?
2, 37
Let v(t) = 3 - 7 - 3*t - 10. Let l be v(-4). What are the prime factors of (338/3 - l/(-3)) + 4?
2, 29
Suppose 41 = 4*z + 2*k + 3*k, -20 = -4*k. Suppose -z*p + 31 = 19. What are the prime factors of (p - 0) + (9 - -33)?
3, 5
Let t(l) = 25*l**2 - 9*l - 16. Let p be t(-7). Suppose -p = -3*z - k, 2*z - z = -5*k + 410. Suppose -5*u + z = -0*u. What are the prime factors of u?
5, 17
Let z = 654 - 654. Suppose -25*i + 3840 + 11860 = z. List the prime factors of i.
2, 157
Let y = -113 - -122. Suppose -2144 = -y*i + 2383. What are the prime factors of i?
503
Suppose 2*o - 4*r = 168, 336 = 12*o - 8*o - 3*r. Suppose 21 = 3*s + 9, 3*i - 3*s = o. List the prime factors of i.
2
Let z be (-3821)/(-2) + (-77)/22. Suppose -29*a + z = 225. List the prime factors of a.
2, 29
Suppose 39*b + 464 = 10*b. List the prime factors of (-12)/b - (362/(-8) + -2).
2, 3
Let f be (-3)/(3/(-2))*1. Suppose 2*n - 2*m - 242 = n, 4*n + f*m - 928 = 0. What are the prime factors 